{"id":260,"date":"2010-11-09T12:13:19","date_gmt":"2010-11-09T10:13:19","guid":{"rendered":"https:\/\/blog.andere-sichtweise.de\/"},"modified":"2020-09-09T08:30:50","modified_gmt":"2020-09-09T06:30:50","slug":"others","status":"publish","type":"page","link":"https:\/\/blog.andere-sichtweise.de\/?page_id=260","title":{"rendered":"Others"},"content":{"rendered":"<h3 style=\"text-align: justify;\"><img loading=\"lazy\" decoding=\"async\" class=\"alignright size-full wp-image-298\" src=\"https:\/\/blog.andere-sichtweise.de\/wp-content\/uploads\/2010\/11\/book.png\" alt=\"\" width=\"175\" height=\"136\" \/>Andere Blogs<\/h3>\n<p style=\"text-align: justify;\">Hier einige andere Blogs, die ich ganz interessant finde und die ich hin und weder lese bzw. anschaue:<\/p>\n<table style=\"border: none;\" border=\"0\">\n<tbody>\n<tr>\n<td style=\"border: none;\" colspan=\"2\" align=\"center\"><img loading=\"lazy\" decoding=\"async\" class=\"aligncenter size-full wp-image-278\" src=\"https:\/\/blog.andere-sichtweise.de\/wp-content\/uploads\/2010\/11\/Line-WHITE.png\" alt=\"\" width=\"400\" height=\"9\" \/><\/td>\n<\/tr>\n<tr>\n<td style=\"border: none;\" valign=\"top\"><a title=\"brainhack.de\" href=\"http:\/\/brainhack.de\" target=\"_blank\" rel=\"noopener noreferrer\">brainhack.de<\/a><\/td>\n<td style=\"border: none;\">\n<h4>Brainhack.de<\/h4>\n<p>Also wenn sich jemand nackich im Netz macht, dann dieser Kollege hier :gulp_ee: Ein ehemaliger Arbeitskollege, der selber sagt&#8230;<\/p>\n<blockquote><p>Ich blogge einfach drauf los. Viele Sachen sind einfach nur witzig, manche traurig, mache sind einfach nur ein \u00f6ffentliches Tagebuch.<\/p><\/blockquote>\n<p>Wie ich finde ein sehr lesenswertes Blog :)<\/td>\n<\/tr>\n<tr>\n<td style=\"border: none;\" colspan=\"2\" align=\"center\"><img loading=\"lazy\" decoding=\"async\" class=\"aligncenter size-full wp-image-278\" src=\"https:\/\/blog.andere-sichtweise.de\/wp-content\/uploads\/2010\/11\/Line-WHITE.png\" alt=\"\" width=\"400\" height=\"9\" \/><\/td>\n<\/tr>\n<tr>\n<td style=\"border: none;\" valign=\"top\"><a title=\"www.lichtathleten.com\" href=\"http:\/\/www.lichtathleten.com\" target=\"_blank\" rel=\"noopener noreferrer\">lichtathleten.com<\/a><\/td>\n<td style=\"border: none;\">\n<h4>Lichtathleten.com<\/h4>\n<p>Ein dreik\u00f6pfiges Team, das interessantes \u00fcber das Fotografieren bloggt<\/td>\n<\/tr>\n<tr>\n<td style=\"border: none;\" colspan=\"2\" align=\"center\"><img loading=\"lazy\" decoding=\"async\" class=\"aligncenter size-full wp-image-278\" src=\"https:\/\/blog.andere-sichtweise.de\/wp-content\/uploads\/2010\/11\/Line-WHITE.png\" alt=\"\" width=\"400\" height=\"9\" \/><\/td>\n<\/tr>\n<tr>\n<td style=\"border: none;\" valign=\"top\"><a title=\"www.suriel.de\" href=\"http:\/\/www.suriel.de\/\" target=\"_blank\" rel=\"noopener noreferrer\">suriel.de<\/a><\/td>\n<td style=\"border: none;\">\n<h4>Suriel.de<\/h4>\n<p>&#8230;wie sagt Suriel selbst:<\/p>\n<blockquote><p>Liebe Leute, es ist mir schei\u00dfegal ob irgendwem dieser Blog nicht gef\u00e4llt oder ob irgendwer mein Theme nicht mag. Es ist mir auch egal, ob jemand mit meinen Beitr\u00e4gen nichts anfangen kann, dass hier ist MEIN Blog und auf MEINEM Blog passiert genau das, was ICH will.<\/p><\/blockquote>\n<p>Hier gibt es viele lustige und interessante Beitr\u00e4ge zu lesen und ihre Blogaktionen sind auf jeden Fall einen Blick wert!<\/td>\n<\/tr>\n<tr>\n<td style=\"border: none;\" colspan=\"2\" align=\"center\"><img loading=\"lazy\" decoding=\"async\" class=\"aligncenter size-full wp-image-278\" src=\"https:\/\/blog.andere-sichtweise.de\/wp-content\/uploads\/2010\/11\/Line-WHITE.png\" alt=\"\" width=\"400\" height=\"9\" \/><\/td>\n<\/tr>\n<tr>\n<td style=\"border: none;\" valign=\"top\"><a title=\"www.Flinkmann.de\" href=\"http:\/\/www.flinkmann.de\/\" target=\"_blank\" rel=\"noopener noreferrer\">Flinkmann.de<\/a><\/td>\n<td style=\"border: none;\">\n<h4>Flinkmann.de<\/h4>\n<p>&#8230;er sagt \u00fcber sein Blog selbst:<\/p>\n<blockquote><p>Auf diesen Seiten befasse ich mich haupts\u00e4chlich um die Computerthemen wie Linux, Unix, Perl-Programmierung, als auch der Fotografie.<\/p><\/blockquote>\n<\/td>\n<\/tr>\n<tr>\n<td style=\"border: none;\" colspan=\"2\" align=\"center\"><img loading=\"lazy\" decoding=\"async\" class=\"aligncenter size-full wp-image-278\" src=\"https:\/\/blog.andere-sichtweise.de\/wp-content\/uploads\/2010\/11\/Line-WHITE.png\" alt=\"\" width=\"400\" height=\"9\" \/><\/td>\n<\/tr>\n<tr>\n<td style=\"border: none;\" valign=\"top\"><a title=\"www.ZweiStein.de\" href=\"http:\/\/www.zweistein.de\/\" target=\"_blank\" rel=\"noopener noreferrer\">ZweiStein.de<\/a><\/td>\n<td style=\"border: none;\">\n<h4>ZweiStein.de<\/h4>\n<p>&#8230;ein weiteres lesenswertes Blog eines Arbeitskollegen<\/td>\n<\/tr>\n<tr>\n<td style=\"border: none;\" colspan=\"2\" align=\"center\"><img loading=\"lazy\" decoding=\"async\" class=\"aligncenter size-full wp-image-278\" src=\"https:\/\/blog.andere-sichtweise.de\/wp-content\/uploads\/2010\/11\/Line-WHITE.png\" alt=\"\" width=\"400\" height=\"9\" \/><\/td>\n<\/tr>\n<tr>\n<td style=\"border: none;\" valign=\"top\"><a title=\"blog.Andre-Grahl.de\" href=\"\/\/blog.andre-grahl.de\/\" target=\"_blank\" rel=\"noopener noreferrer\">Blog.Andre-Grahl.de<\/a><\/td>\n<td style=\"border: none;\">\n<h4>Blog.Andre-Grahl.de<\/h4>\n<p>&#8230;ein weiteres Blog von mir, auf dem ich diverse Produkt-Reviews ver\u00f6ffentliche &#8230;<\/td>\n<\/tr>\n<\/tbody>\n<\/table>\n","protected":false},"excerpt":{"rendered":"<p>Andere Blogs Hier einige andere Blogs, die ich ganz interessant finde und die ich hin und weder lese bzw. anschaue: brainhack.de Brainhack.de Also wenn sich jemand nackich im Netz macht, dann dieser Kollege hier :gulp_ee: Ein ehemaliger Arbeitskollege, der selber sagt&#8230; Ich blogge einfach drauf los. Viele Sachen sind einfach nur witzig, manche traurig, mache [&hellip;]<\/p>\n","protected":false},"author":1,"featured_media":0,"parent":0,"menu_order":2,"comment_status":"open","ping_status":"open","template":"","meta":{"footnotes":""},"class_list":["post-260","page","type-page","status-publish","hentry"],"_links":{"self":[{"href":"https:\/\/blog.andere-sichtweise.de\/index.php?rest_route=\/wp\/v2\/pages\/260","targetHints":{"allow":["GET"]}}],"collection":[{"href":"https:\/\/blog.andere-sichtweise.de\/index.php?rest_route=\/wp\/v2\/pages"}],"about":[{"href":"https:\/\/blog.andere-sichtweise.de\/index.php?rest_route=\/wp\/v2\/types\/page"}],"author":[{"embeddable":true,"href":"https:\/\/blog.andere-sichtweise.de\/index.php?rest_route=\/wp\/v2\/users\/1"}],"replies":[{"embeddable":true,"href":"https:\/\/blog.andere-sichtweise.de\/index.php?rest_route=%2Fwp%2Fv2%2Fcomments&post=260"}],"version-history":[{"count":32,"href":"https:\/\/blog.andere-sichtweise.de\/index.php?rest_route=\/wp\/v2\/pages\/260\/revisions"}],"predecessor-version":[{"id":7498,"href":"https:\/\/blog.andere-sichtweise.de\/index.php?rest_route=\/wp\/v2\/pages\/260\/revisions\/7498"}],"wp:attachment":[{"href":"https:\/\/blog.andere-sichtweise.de\/index.php?rest_route=%2Fwp%2Fv2%2Fmedia&parent=260"}],"curies":[{"name":"wp","href":"https:\/\/api.w.org\/{rel}","templated":true}]}}