{"id":34,"date":"2010-11-02T15:51:14","date_gmt":"2010-11-02T13:51:14","guid":{"rendered":"https:\/\/blog.andere-sichtweise.de\/?page_id=34"},"modified":"2010-12-13T13:36:26","modified_gmt":"2010-12-13T11:36:26","slug":"site-note","status":"publish","type":"page","link":"https:\/\/blog.andere-sichtweise.de\/?page_id=34","title":{"rendered":"Site-Note"},"content":{"rendered":"<h4><img loading=\"lazy\" decoding=\"async\" class=\"alignright size-full wp-image-290\" src=\"https:\/\/blog.andere-sichtweise.de\/wp-content\/uploads\/2010\/11\/sitenote.png\" alt=\"\" width=\"175\" height=\"168\" \/>Betreiber der Seite:<\/h4>\n<p><img loading=\"lazy\" decoding=\"async\" class=\"alignnone size-full wp-image-42\" style=\"border: none;\" src=\"https:\/\/blog.andere-sichtweise.de\/wp-content\/uploads\/2010\/11\/sitenote.jpg\" alt=\"\" width=\"100\" height=\"48\" \/><\/p>\n<h4>Verantwortlich f\u00fcr Inhalt und Gestaltung<br \/>\nsowie Konzeption und Design:<\/h4>\n<p>A. Grahl<\/p>\n<h4>Jugendschutzbeauftragter<\/h4>\n<p><img loading=\"lazy\" decoding=\"async\" src=\"https:\/\/blog.andere-sichtweise.de\/wp-content\/uploads\/2010\/11\/sitenote.jpg\" alt=\"\" width=\"100\" height=\"48\" \/><\/p>\n<p><strong> <\/strong><\/p>\n<p><img loading=\"lazy\" decoding=\"async\" class=\"alignnone size-full wp-image-918\" src=\"https:\/\/blog.andere-sichtweise.de\/wp-content\/uploads\/2010\/11\/JMStv.jpg\" alt=\"\" width=\"548\" height=\"17\" srcset=\"https:\/\/blog.andere-sichtweise.de\/wp-content\/uploads\/2010\/11\/JMStv.jpg 548w, https:\/\/blog.andere-sichtweise.de\/wp-content\/uploads\/2010\/11\/JMStv-300x9.jpg 300w\" sizes=\"auto, (max-width: 548px) 100vw, 548px\" \/><\/p>\n<h4>Haftungsausschluss:<\/h4>\n<p style=\"text-align: justify;\">Der Autor \u00fcbernimmt keinerlei Gew\u00e4hr f\u00fcr die Aktualit\u00e4t, Korrektheit,  Vollst\u00e4ndigkeit oder Qualit\u00e4t der bereitgestellten Informationen.  Haftungsanspr\u00fcche gegen den Autor, welche sich auf Sch\u00e4den materieller  oder ideeller Art beziehen, die durch die Nutzung oder Nichtnutzung der  dargebotenen Informationen bzw. durch die Nutzung fehlerhafter und  unvollst\u00e4ndiger Informationen verursacht wurden, sind grunds\u00e4tzlich  ausgeschlossen, sofern seitens des Autors kein nachweislich  vors\u00e4tzliches oder grob fahrl\u00e4ssiges Verschulden vorliegt.<\/p>\n<h4>Haftung f\u00fcr Links<\/h4>\n<p style=\"text-align: justify;\">Die Seiten enthalten ggf. Links zu externen Webseiten Dritter, auf deren  Inhalte ich keinen Einfluss habe. Deshalb kann ich f\u00fcr diese fremden  Inhalte auch keine Gew\u00e4hr \u00fcbernehmen. F\u00fcr die Inhalte der verlinkten  Seiten ist stets der jeweilige Anbieter oder Betreiber der Seiten  verantwortlich. Die verlinkten Seiten wurden zum Zeitpunkt der  Verlinkung auf m\u00f6gliche Rechtsverst\u00f6\u00dfe \u00fcberpr\u00fcft. Rechtswidrige Inhalte  waren zum Zeitpunkt der Verlinkung nicht erkennbar. Eine permanente  inhaltliche Kontrolle der verlinkten Seiten ist jedoch ohne konkrete  Anhaltspunkte einer Rechtsverletzung nicht zumutbar. Bei bekannt werden  von Rechtsverletzungen werde ich derartige Links umgehend entfernen.<\/p>\n<p style=\"text-align: justify;\">\n<h4>Urheberrecht<\/h4>\n<p style=\"text-align: justify;\">Der Betreiber der Seiten ist bem\u00fcht, stets die Urheberrechte anderer zu  beachten bzw. auf selbst erstellte sowie lizenzfreie Werke  zur\u00fcckzugreifen. Die durch die Seitenbetreiber erstellten Inhalte und  Werke auf diesen Seiten unterliegen dem deutschen Urheberrecht. Beitr\u00e4ge  Dritter sind als solche gekennzeichnet. Die Vervielf\u00e4ltigung,  Bearbeitung, Verbreitung und jede Art der Verwertung au\u00dferhalb der  Grenzen des Urheberrechtes bed\u00fcrfen der schriftlichen Zustimmung des  Erstellers. Downloads und Kopien dieser Seite sind nur f\u00fcr den privaten,  nicht kommerziellen Gebrauch gestattet.<\/p>\n<h4>Datenschutz<\/h4>\n<p style=\"text-align: justify;\">Soweit auf meinen Seiten personenbezogene Daten (beispielsweise Name,  Anschrift oder E-Mail-Adressen) erhoben werden, erfolgt dies soweit  m\u00f6glich stets auf freiwilliger Basis. Die Nutzung der Angebote und  Dienste ist, soweit m\u00f6glich, stets ohne Angabe personenbezogener Daten  m\u00f6glich. Der Nutzung von im Rahmen der Impressumspflicht  ver\u00f6ffentlichten Kontaktdaten durch Dritte zur \u00dcbersendung von nicht  ausdr\u00fccklich angeforderter Werbung und Informationsmaterialien wird  hiermit ausdr\u00fccklich widersprochen. Der Betreiber der Seiten beh\u00e4lt sich  ausdr\u00fccklich rechtliche Schritte im Falle der unverlangten Zusendung  von Werbeinformationen, etwa durch Spam-Mails, vor.<\/p>\n","protected":false},"excerpt":{"rendered":"<p>Betreiber der Seite: Verantwortlich f\u00fcr Inhalt und Gestaltung sowie Konzeption und Design: A. Grahl Jugendschutzbeauftragter Haftungsausschluss: Der Autor \u00fcbernimmt keinerlei Gew\u00e4hr f\u00fcr die Aktualit\u00e4t, Korrektheit, Vollst\u00e4ndigkeit oder Qualit\u00e4t der bereitgestellten Informationen. Haftungsanspr\u00fcche gegen den Autor, welche sich auf Sch\u00e4den materieller oder ideeller Art beziehen, die durch die Nutzung oder Nichtnutzung der dargebotenen Informationen bzw. durch [&hellip;]<\/p>\n","protected":false},"author":1,"featured_media":0,"parent":107,"menu_order":55,"comment_status":"closed","ping_status":"open","template":"","meta":{"footnotes":""},"class_list":["post-34","page","type-page","status-publish","hentry"],"_links":{"self":[{"href":"https:\/\/blog.andere-sichtweise.de\/index.php?rest_route=\/wp\/v2\/pages\/34","targetHints":{"allow":["GET"]}}],"collection":[{"href":"https:\/\/blog.andere-sichtweise.de\/index.php?rest_route=\/wp\/v2\/pages"}],"about":[{"href":"https:\/\/blog.andere-sichtweise.de\/index.php?rest_route=\/wp\/v2\/types\/page"}],"author":[{"embeddable":true,"href":"https:\/\/blog.andere-sichtweise.de\/index.php?rest_route=\/wp\/v2\/users\/1"}],"replies":[{"embeddable":true,"href":"https:\/\/blog.andere-sichtweise.de\/index.php?rest_route=%2Fwp%2Fv2%2Fcomments&post=34"}],"version-history":[{"count":13,"href":"https:\/\/blog.andere-sichtweise.de\/index.php?rest_route=\/wp\/v2\/pages\/34\/revisions"}],"predecessor-version":[{"id":1143,"href":"https:\/\/blog.andere-sichtweise.de\/index.php?rest_route=\/wp\/v2\/pages\/34\/revisions\/1143"}],"up":[{"embeddable":true,"href":"https:\/\/blog.andere-sichtweise.de\/index.php?rest_route=\/wp\/v2\/pages\/107"}],"wp:attachment":[{"href":"https:\/\/blog.andere-sichtweise.de\/index.php?rest_route=%2Fwp%2Fv2%2Fmedia&parent=34"}],"curies":[{"name":"wp","href":"https:\/\/api.w.org\/{rel}","templated":true}]}}